the prime factors of 570042?
2, 3, 11, 2879
List the prime factors of 938933.
29, 32377
List the prime factors of 270858.
2, 3, 7, 6449
List the prime factors of 11613412.
2, 37, 131, 599
What are the prime factors of 945577?
945577
What are the prime factors of 133821?
3, 14869
What are the prime factors of 430220?
2, 5, 7, 439
List the prime factors of 263151.
3, 7, 4177
List the prime factors of 1831555.
5, 11, 33301
List the prime factors of 13817557.
13, 151, 7039
What are the prime factors of 14539721?
7, 296729
What are the prime factors of 269588?
2, 11, 557
List the prime factors of 6715303.
7, 19, 7213
List the prime factors of 2197856.
2, 68683
What are the prime factors of 5339773?
5339773
List the prime factors of 33492046.
2, 7, 2392289
What are the prime factors of 95239?
95239
What are the prime factors of 729946?
2, 7, 17, 3067
What are the prime factors of 102599?
7, 14657
What are the prime factors of 5277812?
2, 31, 1373
What are the prime factors of 608242?
2, 179, 1699
List the prime factors of 1893320.
2, 5, 11, 13, 331
What are the prime factors of 2384224?
2, 74507
List the prime factors of 1892331.
3, 7, 613
What are the prime factors of 9190963?
9190963
What are the prime factors of 4454124?
2, 3, 371177
List the prime factors of 3130969.
31, 100999
List the prime factors of 235096.
2, 29387
What are the prime factors of 570070?
2, 5, 109, 523
What are the prime factors of 5878523?
7, 37, 22697
List the prime factors of 101280.
2, 3, 5, 211
List the prime factors of 1294332.
2, 3, 13, 8297
What are the prime factors of 1678870?
2, 5, 167887
What are the prime factors of 13050831?
3, 4350277
What are the prime factors of 2511179?
11, 167, 1367
List the prime factors of 6595903.
53, 97, 1283
List the prime factors of 1106100.
2, 3, 5, 1229
What are the prime factors of 2294523?
3, 7, 11, 43
What are the prime factors of 28183?
28183
List the prime factors of 2486725.
5, 99469
List the prime factors of 36824.
2, 4603
List the prime factors of 619867.
619867
List the prime factors of 2278.
2, 17, 67
What are the prime factors of 874663?
43, 20341
List the prime factors of 325648.
2, 20353
What are the prime factors of 5503194?
2, 3, 223, 457
What are the prime factors of 17833661?
149, 119689
List the prime factors of 5622706.
2, 2811353
What are the prime factors of 303111?
3, 33679
List the prime factors of 23490772.
2, 5872693
What are the prime factors of 901811?
901811
List the prime factors of 2432271.
3, 810757
List the prime factors of 555068.
2, 193, 719
List the prime factors of 138312.
2, 3, 17, 113
What are the prime factors of 582597?
3, 19, 3407
What are the prime factors of 270963?
3, 7, 11, 17, 23
What are the prime factors of 661220?
2, 5, 7, 4723
List the prime factors of 645725.
5, 23, 1123
List the prime factors of 656940.
2, 3, 5, 10949
List the prime factors of 42434.
2, 7, 433
List the prime factors of 2890398.
2, 3, 7, 68819
What are the prime factors of 2063633?
11, 13, 14431
What are the prime factors of 36879?
3, 19, 647
List the prime factors of 25517390.
2, 5, 29, 87991
What are the prime factors of 79748?
2, 19937
List the prime factors of 12505031.
7, 11, 23, 307
List the prime factors of 113402.
2, 56701
What are the prime factors of 71709?
3, 11, 41, 53
What are the prime factors of 19185?
3, 5, 1279
List the prime factors of 41434697.
59, 702283
List the prime factors of 2205438.
2, 3, 367573
List the prime factors of 83366.
2, 73, 571
What are the prime factors of 13963116?
2, 3, 23, 50591
What are the prime factors of 45462456?
2, 3, 13, 48571
List the prime factors of 9973031.
83, 120157
What are the prime factors of 403510?
2, 5, 40351
List the prime factors of 931244.
2, 232811
List the prime factors of 306485.
5, 61297
What are the prime factors of 15164480?
2, 5, 47389
List the prime factors of 14920303.
14920303
List the prime factors of 382710.
2, 3, 5, 12757
List the prime factors of 183320.
2, 5, 4583
What are the prime factors of 745284?
2, 3, 173, 359
What are the prime factors of 108825?
3, 5, 1451
List the prime factors of 866.
2, 433
List the prime factors of 4566996.
2, 3, 7, 863
What are the prime factors of 242081?
7, 34583
List the prime factors of 583794.
2, 3, 19, 569
What are the prime factors of 15569589?
3, 7, 741409
What are the prime factors of 3463560?
2, 3, 5, 1069
What are the prime factors of 511479?
3, 17, 3343
List the prime factors of 9421929.
3, 11, 19, 5009
List the prime factors of 6297497.
17, 370441
List the prime factors of 1311944.
2, 163993
List the prime factors of 65869.
199, 331
List the prime factors of 30777578.
2, 13, 1183753
What are the prime factors of 4255727?
7, 607961
What are the prime factors of 4078196?
2, 1019549
List the prime factors of 2577475.
5, 103099
List the prime factors of 893153.
43, 20771
List the prime factors of 481198.
2, 240599
List the prime factors of 2157834.
2, 3, 7, 83, 619
List the prime factors of 1084536.
2, 3, 5021
List the prime factors of 404896.
2, 12653
List the prime factors of 5938161.
3, 1979387
List the prime factors of 560933.
239, 2347
What are the prime factors of 1478568?
2, 3, 7, 13, 677
What are the prime factors of 66183?
3, 13, 1697
List the prime factors of 356359.
433, 823
What are the prime factors of 1812810?
2, 3, 5, 60427
List the prime factors of 699700.
2, 5, 6997
What are the prime factors of 23422646?
2, 13, 59, 15269
List the prime factors of 6496621.
6496621
What are the prime factors of 13569995?
5, 17, 9391
What are the prime factors of 279642?
2, 3, 11, 19, 223
What are the prime factors of 308949?
3, 102983
What are the prime factors of 108371?
307, 353
What are the prime factors of 2347196?
2, 23, 31, 823
What are the prime factors of 11033084?
2, 509, 5419
What are the prime factors of 531418?
2, 265709
List the prime factors of 142039.
142039
List the prime factors of 253978.
2, 126989
What are the prime factors of 754929?
3, 7, 23, 521
List the prime factors of 16289597.
16289597
List the prime factors of 305707.
347, 881
What are the prime factors of 706707?
3, 17, 31, 149
List the prime factors of 131967.
3, 11, 31, 43
What are the prime factors of 174558?
2, 3, 47, 619
List the prime factors of 315992.
2, 39499
List the prime factors of 3442985.
5, 7, 13, 23, 47
What are the prime factors of 392228?
2, 98057
What are the prime factors of 19448155?
5, 3889631
List the prime factors of 20889818.
2, 10444909
What are the prime factors of 1404586?
2, 29, 61, 397
What are the prime factors of 1138234?
2, 569117
What are the prime factors of 1884362?
2, 29, 53, 613
What are the prime factors of 310737?
3, 7, 14797
What are the prime factors of 11306?
2, 5653
What are the prime factors of 495936?
2, 3, 7, 41
List the prime factors of 7043767.
7043767
List the prime factors of 482026.
2, 241013
What are the prime factors of 2939023?
2939023
What are the prime factors of 3810927?
3, 1270309
What are the prime factors of 249652?
2, 13, 4801
What are the prime factors of 58260?
2, 3, 5, 971
What are the prime factors of 13482570?
2, 3, 5, 449419
What are the prime factors of 69206?
2, 34603
List the prime factors of 184269.
3, 239, 257
List the prime factors of 2304749.
2304749
What are the prime factors of 265449?
3, 19, 4657
What are the prime factors of 448527?
3, 307, 487
What are the prime factors of 3404983?
3404983
What are the prime factors of 719952?
2, 3, 53, 283
List the prime factors of 13179442.
2, 829, 7949
What are the prime factors of 204311?
204311
List the prime factors of 1279786.
2, 577, 1109
What are the prime factors of 466143?
3, 155381
List the prime factors of 3495949.
1303, 2683
What are the prime factors of 10814825?
5, 7, 29, 2131
What are the prime factors of 82964?
2, 7, 2963
List the prime factors of 207028.
2, 73, 709
List the prime factors of 6595938.
2, 3, 122147
What are the prime factors of 408464?
2, 7, 521
List the prime factors of 1359881.
17, 167, 479
List the prime factors of 1803471.
3, 71, 8467
List the prime factors of 831475.
5, 79, 421
List the prime factors of 1637782.
2, 211, 3881
What are the prime factors of 33438?
2, 3, 5573
What are the prime factors of 1016907?
3, 43, 7883
What are the prime factors of 44230?
2, 5, 4423
W